20
Let l(x) = x**2 - 286*x - 2819. Determine l(-9).
-164
Let x(q) = -61*q**3 + 12*q**2 - 13*q - 1. What is x(1)?
-63
Let i(s) = -835*s - 25888. Determine i(-31).
-3
Let l(m) = 1857*m**2 - 13004*m + 16. Give l(7).
-19
Let v(a) = 5463*a + 49172. Determine v(-9).
5
Let r(n) = 2*n**2 + 2*n - 23. What is r(12)?
289
Let y(m) = 903*m - 106550. What is y(118)?
4
Let h(n) = -3*n**2 - 979*n - 5765. Determine h(-6).
1
Let g(t) = -75*t + 5405. Calculate g(72).
5
Let l(v) = v + 55. Give l(-32).
23
Let j(o) = 39*o - 450. Give j(12).
18
Let m(x) = -18*x**2 + 758*x - 94. Determine m(42).
-10
Let s(a) = 44*a**2 + 224*a + 25. Calculate s(-5).
5
Let k(n) = -740*n**2 + 48840*n - 11. Calculate k(66).
-11
Let r(q) = q**3 + 36*q**2 + 67*q - 5. What is r(-34)?
29
Let a(v) = -v**3 - 12*v**2 + 18*v + 373. Calculate a(-10).
-7
Let f(u) = -86*u**3 - 6*u**2 + 14*u - 9. Calculate f(1).
-87
Let f(p) = -p**3 - 17*p**2 + 31*p - 135. Give f(-19).
-2
Let d(b) = 22*b - 749. What is d(31)?
-67
Let t(f) = f**3 + 49*f**2 - 164*f + 21. Calculate t(-52).
437
Let p(z) = 115*z + 915. Determine p(-8).
-5
Let r(j) = -189*j - 14335. What is r(-76)?
29
Let a(z) = 4*z**2 - 111*z + 89. Calculate a(27).
8
Let f(a) = -a**3 + 63*a**2 - 3*a + 29. Determine f(63).
-160
Let a(p) = 2*p**2 - 49*p + 11. What is a(23)?
-58
Let t(x) = 2*x**3 + 21*x**2 - 22*x - 97. Calculate t(-11).
24
Let k(v) = 5*v**3 - 44*v**2 - 10*v + 13. Determine k(9).
4
Let n(v) = -2*v**2 - 255*v + 1330. What is n(5)?
5
Let z(v) = 81*v + 21. Determine z(-1).
-60
Let n(l) = -1271*l - 6. Determine n(0).
-6
Let q(i) = -i**3 + 6*i**2 - 5*i - 20. Give q(7).
-104
Let n(a) = -6*a**3 - 25*a**2 + 12*a + 101. What is n(-6)?
425
Let d(q) = -120*q**2 - 2. What is d(1)?
-122
Let d(b) = -287*b + 1889. Calculate d(6).
167
Let c(h) = -19*h + 132. Calculate c(10).
-58
Let o(q) = 2*q**3 - 7*q**2 - 3*q - 10. What is o(-3)?
-118
Let n(m) = 333*m + 564. Calculate n(-1).
231
Let l(n) = -31*n + 2757. Give l(91).
-64
Let b(z) = z**2 - 405*z + 1613. Calculate b(4).
9
Let k(b) = -b**2 + 107*b + 687. Determine k(-6).
9
Let v(a) = -a**2 + 27*a - 154. Calculate v(16).
22
Let s(q) = 3*q**3 + 81*q**2 + 7*q - 6. Give s(-27).
-195
Let b(h) = -506*h - 9617. Calculate b(-19).
-3
Let o(p) = 24*p**2 + 278*p + 384. What is o(-10)?
4
Let d(u) = u**3 - 35*u**2 + 209*u + 46. Determine d(8).
-10
Let c(a) = 14*a**2 - 36*a - 285. Calculate c(6).
3
Let h(s) = -250*s**3 + 3*s**2 + s + 1. Give h(1).
-245
Let x(j) = 2*j**2 + 31*j + 29. Calculate x(-17).
80
Let l(d) = -d**3 - d**2 - 152*d - 297. Give l(-2).
11
Let t(r) = -r**3 + 17*r**2 - 58*r - 32. Give t(14).
-256
Let y(j) = j**2 - 162*j - 708. Give y(166).
-44
Let c(k) = 2*k**3 + 66*k**2 - 4*k - 121. Calculate c(-33).
11
Let q(a) = 11*a + 176. Determine q(-26).
-110
Let a(k) = -63*k + 641. Determine a(10).
11
Let l(s) = 107*s + 15315. Determine l(-143).
14
Let q(o) = -219*o - 2177. Give q(-10).
13
Let f(x) = -1044*x**2 + 4172*x + 22. Give f(4).
6
Let z(k) = -k**3 + 24*k**2 - 119*k + 1181. Determine z(21).
5
Let d(j) = j**2 + 25*j - 135. Give d(-29).
-19
Let m(o) = -o**2 + 30*o + 4668. Calculate m(-55).
-7
Let w(b) = -255*b**2 - 1770*b + 108. Give w(-7).
3
Let n(u) = 12*u - 135. Give n(14).
33
Let v(r) = -908*r + 3625. Give v(4).
-7
Let k(l) = -l**3 + 9*l**2 + 24*l - 182. Determine k(4).
-6
Let w(j) = -5*j**3 + 153*j**2 - 968*j - 32. Determine w(9).
4
Let b(s) = s**2 + 2*s - 19. What is b(-4)?
-11
Let r(d) = d**2 - 80*d - 498. Determine r(-6).
18
Let j(u) = 109*u - 790. Determine j(8).
82
Let l(k) = 10*k - 30. Calculate l(13).
100
Let p(z) = 1475*z + 137167. Give p(-93).
-8
Let q(w) = -w**3 - 22*w**2 + 74*w - 12. What is q(-25)?
13
Let s(q) = -q**3 - 53*q**2 - 48*q + 197. What is s(-52)?
-11
Let c(z) = -326*z + 33580. Calculate c(103).
2
Let d(s) = 2*s**3 - 117*s**2 + 60*s - 116. What is d(58)?
0
Let n(s) = 24*s - 906. Calculate n(54).
390
Let l(r) = r**3 - 12*r**2 + r + 28. What is l(8)?
-220
Let q(z) = -z**3 - 38*z**2 + 46*z + 205. Calculate q(-39).
-68
Let k(i) = 3*i**3 - 40*i**2 + 18*i - 53. Calculate k(13).
12
Let t(a) = -155*a + 5792. What is t(37)?
57
Let m(j) = 95*j + 11. Give m(-1).
-84
Let q(c) = -c**3 + 3*c**2 + 42*c + 101. Calculate q(-3).
29
Let b(f) = 22*f**2 - 92*f - 119. What is b(5)?
-29
Let f(g) = 12484*g + 8. Calculate f(0).
8
Let t(k) = 39*k**2 + 828*k + 198. What is t(-21)?
9
Let x(z) = z**3 + 45*z**2 + 286*z + 2025. Give x(-39).
-3
Let q(d) = 44*d - 2608. Determine q(58).
-56
Let w(u) = -u**3 + 47*u**2 + 1174*u - 256. Determine w(65).
4
Let b(s) = -9*s**2 + 177*s - 280. Give b(18).
-10
Let o(n) = -2*n**3 + 88*n**2 + 184*n - 6. Calculate o(46).
-6
Let j(d) = -d**3 + 9*d**2 - 54*d + 151. Determine j(4).
15
Let m(q) = 32*q + 4006. Determine m(-125).
6
Let b(f) = f**3 - 7*f**2 - 17*f - 36. Give b(-8).
-860
Let t(l) = 244*l + 12930. What is t(-53)?
-2
Let b(a) = -a**2 + 63*a + 487. What is b(-7)?
-3
Let q(a) = 5833*a - 35002. What is q(6)?
-4
Let q(r) = -4*r**3 - 307*r**2 + 79*r + 169. Give q(-77).
15
Let d(j) = -314*j + 79. Give d(1).
-235
Let a(s) = s**2 + 30*s - 199. What is a(10)?
201
Let z(g) = 6*g - 145. What is z(15)?
-55
Let b(k) = -5*k**2 + 288*k - 1766. What is b(7)?
5
Let g(m) = 25*m - 158. Give g(8).
42
Let h(r) = -r**2 - 24*r - 127. What is h(-7)?
-8
Let s(o) = 2*o - 78. Calculate s(-39).
-156
Let j(s) = 942*s - 26382. Give j(28).
-6
Let s(u) = -30*u + 42. Give s(11).
-288
Let g(n) = 11*n**3 - 3*n**2 + 2*n - 1. Give g(2).
79
Let x(y) = y**3 + 17*y**2 + 52*y + 4. Calculate x(-4).
4
Let a(d) = 18*d + 355. Give a(-17).
49
Let r(w) = -w**2 - 81*w + 1001. Give r(15).
-439
Let s(i) = -i**3 + 20*i**2 - 93*i - 62. Calculate s(11).
4
Let c(w) = -w**2 - 362*w + 1458. What is c(4)?
-6
Let d(n) = 2*n**3 + 12*n**2 - 8*n - 42. What is d(-6)?
6
Let h(v) = -7*v + 643. Give h(40).
363
Let j(s) = 22*s + 166. What is j(2)?
210
Let i(w) = 579*w + 1740. Determine i(-3).
3
Let s(f) = f**2 + 10*f + 3. Calculate s(8).
147
Let z(a) = 51*a - 1371. Give z(25).
-96
Let h(p) = -6472*p + 38887. Determine h(6).
55
Let a(o) = o**3 - 340*o**2 - 2074*o - 5. Give a(-6).
-17
Let t(p) = -27*p - 146. What is t(-6)?
16
Let f(p) = p**2 - 157*p - 828. Calculate f(-5).
-18
Let b(g) = g**2 - 19*g + 12. What is b(17)?
-22
Let g(k) = 2*k**3 + 31*k**2 + 117*k - 8. Calculate g(-8).
16
Let c(w) = w**3 + 17*w**2 + 9*w - 120. Calculate c(-16).
-8
Let x(u) = 8*u**2 - 75*u - 9. Calculate x(6).
-171
Let c(h) = -15*h - 2119. Give c(-142).
11
Let h(f) = 4*f**2 + 74*f + 19. Give h(-19).
57
Let a(s) = -37*s + 609. Determine a(11).
202
Let x(y) = 11*y**2 - 7*y - 8. Calculate x(2).
22
Let b(z) = -22*z**2 + 203*z - 351. Give b(7).
-8
Let g(w) = w**3 + 2*w**2 + 5*w + 21. Calculate g(-3).
-3
Let k(a) = 149*a - 439. What is k(3)?
8
Let d(a) = 3*a**3 - 41*a**2 - 35*a + 296. Determine d(14).
2
Let s(f) = -131*f + 555. Calculate s(4).
31
Let z(m) = 510*m - 7680. Give z(15).
-30
Let i(v) = -6*v**3 + 79*v**2 - 238*v - 27. Determine i(8).
53
Let w(s) = -s**3 + 3*s**2 + 383*s - 20. What is w(0)?
-20
Let y(d) = -d**2 + 138*d - 3988. Give y(41).
-11
Let j(g) = 3*g**2 + 216*g - 32. What is j(-72)?
-32
Let o(b) = 50*b - 1075. Calculate o(22).
25
Let r(m) = m**2 - 5615*m + 16819. Calculate r(3).
-17
Let w(k) = -59*k**2 + 32*k - 14. Determine w(3).
-449
Let v(n) = 2*n**2 + 35*n - 1785. Determine v(-40).
15
Let a(b) = -4*b**2 - 39*b + 16. Give a(-9).
43
Let c(n) = 5*n**2 - 51*n + 113. What is c(7)?
1
Let p(v) = -v**2 - 299*v + 40906. What is p(102)?
4
Let s(a) = a**3 - 23*a**2 - 3*a + 73. Calculate s(23).
4
Let t(m) = -71*m - 475. What is t(-6)?
-49
Let r(h) = 3*h**2 - 142*h + 1064. What is r(8)?
120
Let a(y) = 61*y + 3780. Give a(-62).
-2
Let x(w) = 24*w**2 - 355*w + 1806. Calculate x(5).
631
Let m(u) = 94*u - 270. Determine m(3).
12
Let q(l) = l**3 + 21*l**2 + 37*l - 53. Determine q(-17).
474
Let p(q) = -49*q**2 + 30*q - 30. Calculate p(1).
-49
Let v(m) = -m**3 - 30*m**2 + 22*m - 157. What is v(-31)?
122
Let v(a) = 132*a + 1212. Calculate v(-4).
684
Let r(c) = c**3 - 30*c**2 + 187*c - 179. Give r(7).
3
Let g(d) = 2*d**3 + 20*d**2 - 465*d - 60. Give g(-21).
3
Let w(b) = 3*b**2 + 389*b + 1522. Determine w(-4).
14
Let d(u) = u**3 + 29*u**2 + 33*u + 971. What is d(-29)?
14
Let h(f) = 17*f + 425. Determine h(-34).
-153
Let v(j) = 1344*j + 16125. Give v(-12).
-3
Let c(a)